09280276?
2, 3, 5813341
What are the prime factors of 2361337661?
2361337661
List the prime factors of 123821076.
2, 3, 10318423
What are the prime factors of 242645665?
5, 2137, 22709
List the prime factors of 4544567928.
2, 3, 63118999
List the prime factors of 638124750.
2, 3, 5, 17, 67, 83
List the prime factors of 626274987.
3, 13, 37, 434009
List the prime factors of 172720669.
11, 433, 36263
List the prime factors of 60375571.
347, 173993
List the prime factors of 4641725585.
5, 7, 59, 2247809
What are the prime factors of 53049031?
7, 2729, 2777
What are the prime factors of 60090304?
2, 127, 7393
What are the prime factors of 3706520991?
3, 37, 41, 71, 11471
List the prime factors of 58071074.
2, 29035537
What are the prime factors of 523291934?
2, 11, 239, 99523
List the prime factors of 108461255.
5, 7, 442699
List the prime factors of 53028285.
3, 5, 83, 191, 223
What are the prime factors of 36591975?
3, 5, 7, 3319
What are the prime factors of 279213617?
223, 1252079
List the prime factors of 2113303208.
2, 223, 1184587
List the prime factors of 1940283105.
3, 5, 23, 1069, 5261
List the prime factors of 4952223835.
5, 13, 76188059
What are the prime factors of 402059956?
2, 31, 97, 33427
List the prime factors of 95491348.
2, 67, 356311
What are the prime factors of 228844216?
2, 28605527
List the prime factors of 677593409.
19, 23, 283, 5479
List the prime factors of 6508504861.
41, 61, 167, 15583
List the prime factors of 275514378.
2, 3, 23, 1996481
List the prime factors of 84116569.
269, 312701
What are the prime factors of 912591534?
2, 3, 152098589
What are the prime factors of 1692733017?
3, 37, 15249847
List the prime factors of 9486018.
2, 3, 97, 1811
What are the prime factors of 384718337?
4729, 81353
What are the prime factors of 40838619?
3, 19, 683, 1049
List the prime factors of 357175011.
3, 119058337
List the prime factors of 18641067.
3, 6213689
List the prime factors of 23163973.
7, 3309139
What are the prime factors of 290662719?
3, 17, 5699269
What are the prime factors of 3312973136?
2, 11, 18823711
List the prime factors of 2417331396.
2, 3, 331, 608593
List the prime factors of 122697991.
13, 19, 389, 1277
List the prime factors of 3844252507.
14629, 262783
What are the prime factors of 579496063?
23, 25195481
What are the prime factors of 222654855?
3, 5, 53, 280069
What are the prime factors of 104202190?
2, 5, 23, 453053
What are the prime factors of 198803939?
1759, 113021
List the prime factors of 811185935.
5, 7, 53, 179, 349
List the prime factors of 24702322.
2, 23, 537007
What are the prime factors of 15039725?
5, 601589
List the prime factors of 569717317.
13, 857, 51137
What are the prime factors of 1050733052?
2, 61, 4306283
List the prime factors of 121012376.
2, 599, 25253
What are the prime factors of 3493384528?
2, 218336533
What are the prime factors of 1464827829?
3, 488275943
List the prime factors of 3774113694.
2, 3, 13, 16128691
What are the prime factors of 23710773?
3, 127, 62233
What are the prime factors of 4348159254?
2, 3, 29, 499, 16693
List the prime factors of 52784642.
2, 61, 432661
What are the prime factors of 2105559426?
2, 3, 23, 15257677
List the prime factors of 451665066.
2, 3, 75277511
List the prime factors of 70424685.
3, 5, 1564993
List the prime factors of 144037585.
5, 59, 488263
List the prime factors of 11580311.
673, 17207
List the prime factors of 126729455.
5, 191, 132701
What are the prime factors of 26094070?
2, 5, 2609407
List the prime factors of 82631541.
3, 457, 60271
List the prime factors of 13575337.
37, 366901
What are the prime factors of 246286333?
12413, 19841
What are the prime factors of 713783119?
7, 29, 409, 8597
What are the prime factors of 89959555?
5, 7, 23, 111751
List the prime factors of 467867888.
2, 53, 551731
List the prime factors of 13385319.
3, 4461773
What are the prime factors of 1219768510?
2, 5, 131, 199, 4679
What are the prime factors of 3181810899?
3, 17, 62388449
List the prime factors of 604455669.
3, 337, 66431
What are the prime factors of 1588377739?
13, 241, 506983
List the prime factors of 31569424.
2, 307, 6427
What are the prime factors of 64595527?
1447, 44641
What are the prime factors of 4654872962?
2, 401, 5804081
What are the prime factors of 72541960?
2, 5, 331, 5479
List the prime factors of 1392872182.
2, 13, 431, 124297
What are the prime factors of 30963125?
5, 107, 463
What are the prime factors of 572313838?
2, 7817, 36607
List the prime factors of 132198164.
2, 7, 149, 31687
List the prime factors of 79230458.
2, 3559, 11131
What are the prime factors of 4106509856?
2, 163, 293, 2687
What are the prime factors of 110289691?
110289691
What are the prime factors of 6464078283?
3, 13, 17, 9749741
List the prime factors of 7910825.
5, 13, 101, 241
What are the prime factors of 155201020?
2, 5, 13, 596927
What are the prime factors of 224753144?
2, 7, 11, 41, 809
List the prime factors of 1380156233.
601, 2296433
What are the prime factors of 242515554?
2, 3, 40419259
What are the prime factors of 297523062?
2, 3, 773, 21383
What are the prime factors of 188183831?
11, 17107621
List the prime factors of 448825445.
5, 2503, 35863
What are the prime factors of 1000595756?
2, 250148939
What are the prime factors of 1925593813?
11, 13, 191, 70501
What are the prime factors of 57984047?
11, 347, 1381
What are the prime factors of 5380142196?
2, 3, 11, 13, 367, 8543
List the prime factors of 93725461.
19, 1949, 2531
What are the prime factors of 2606343889?
61, 42726949
What are the prime factors of 811683073?
3413, 237821
List the prime factors of 64310194.
2, 13, 47, 52627
What are the prime factors of 993129777?
3, 79, 83, 16829
List the prime factors of 201275075.
5, 19, 643, 659
List the prime factors of 3415919572.
2, 13, 593, 110777
List the prime factors of 1719959741.
1103, 1559347
List the prime factors of 35850269.
7, 13, 151, 2609
What are the prime factors of 129024613?
149, 865937
List the prime factors of 85264122.
2, 3, 14210687
What are the prime factors of 906736606?
2, 257, 523, 3373
What are the prime factors of 2446192?
2, 7, 21841
List the prime factors of 455104622.
2, 7, 79, 587, 701
What are the prime factors of 151042993?
373, 404941
List the prime factors of 2729288221.
11, 2549, 8849
What are the prime factors of 56372571?
3, 37, 73, 773
List the prime factors of 269127058.
2, 19, 31, 228461
What are the prime factors of 243283736?
2, 17, 787, 2273
What are the prime factors of 9273651?
3, 3091217
List the prime factors of 571907625.
3, 5, 17, 283, 317
List the prime factors of 141735332.
2, 5227, 6779
What are the prime factors of 92704885?
5, 7, 13, 67, 3041
List the prime factors of 148653865.
5, 17, 1033, 1693
What are the prime factors of 107913634?
2, 193, 263, 1063
List the prime factors of 221628533.
7, 31661219
What are the prime factors of 110363475?
3, 5, 1471513
What are the prime factors of 1991761076?
2, 149, 3341881
What are the prime factors of 254928749?
709, 359561
List the prime factors of 2125853734.
2, 5477, 194071
What are the prime factors of 1347084721?
2897, 464993
What are the prime factors of 670508?
2, 167627
What are the prime factors of 360894173?
17, 23, 157, 5879
What are the prime factors of 9936760?
2, 5, 41, 73, 83
List the prime factors of 100260474.
2, 3, 16710079
What are the prime factors of 184377359?
17, 10845727
What are the prime factors of 27218908?
2, 6804727
What are the prime factors of 23091107?
13, 1776239
What are the prime factors of 99132689?
99132689
What are the prime factors of 68782954?
2, 29, 71, 16703
What are the prime factors of 53170371?
3, 1969273
List the prime factors of 60521453.
41, 73, 277
List the prime factors of 85154754.
2, 3, 883, 16073
What are the prime factors of 1657638215?
5, 1201, 276043
What are the prime factors of 94165103?
94165103
What are the prime factors of 27790760?
2, 5, 331, 2099
What are the prime factors of 3998248?
2, 499781
What are the prime factors of 130156225?
5, 113, 46073
List the prime factors of 408936413.
881, 464173
What are the prime factors of 34790701?
11, 227, 13933
What are the prime factors of 1099947017?
13, 907, 93287
List the prime factors of 19728789.
3, 17, 386839
